-3*o. What is the greatest common divisor of y and f?
4
Let s = -46 + 60. Calculate the greatest common factor of s and 112.
14
Let v(l) = -l**2 - 5*l + 4. Let b = -2 - 2. Let w be v(b). What is the highest common divisor of w and 20?
4
Let o be (10/(-3))/((-2)/3). Suppose -5*m = -20 + o. Calculate the highest common factor of 33 and m.
3
Let i(n) = -15*n**2 - n - 6. Let g be i(-6). Let y be (2/(-4))/(9/g). Calculate the highest common divisor of y and 10.
10
Let m be (-3272)/(-12) - 4/6. What is the greatest common factor of m and 34?
34
Suppose 2*c - 6 = c. Suppose -4 = -5*y + 6. Calculate the highest common divisor of y and c.
2
Let d be 68 + 0 + (-2 - -2). Let w = -46 + d. What is the highest common divisor of 33 and w?
11
Let w(x) = -2 - 32 + 20*x + 2. Let y(b) = 7*b - 11. Let l(f) = 4*w(f) - 11*y(f). Let q be l(5). Calculate the greatest common factor of q and 2.
2
Let j = -18 - -19. Calculate the highest common divisor of 1 and j.
1
Suppose -2*h - 36 = -8*h. What is the highest common divisor of h and 66?
6
Let k(a) = -a + 1. Suppose 5 = 3*m - 2*m. Let l be k(m). Let p be 318/27 - l/18. Calculate the highest common factor of 12 and p.
12
Let q(b) be the third derivative of b**6/60 - b**5/12 + 3*b**4/8 - b**3 - 5*b**2. Let v be q(4). Calculate the highest common divisor of v and 26.
26
Let j(p) = 10*p - 14. Let k be j(5). What is the highest common factor of k and 4?
4
Let o = -25 - -44. What is the greatest common factor of o and 57?
19
Let v be 33*1/(-2)*-2. What is the greatest common divisor of v and 3?
3
Suppose 3*d + 5*a = -d + 44, 5*d + a = 55. What is the greatest common divisor of d and 99?
11
Suppose 0 = q + 2*v - 4, -5*q = 2*v + v - 27. What is the greatest common divisor of q and 30?
6
Let l(t) = -13*t + 66. Let y be l(-6). Suppose 4*c - 5*a - 52 = 0, 0*a = -5*c + a + 86. What is the greatest common divisor of y and c?
18
Let a = -89 - -154. Calculate the greatest common divisor of 26 and a.
13
Suppose 28 = 5*s - k, s + 2*k - 2 = k. Suppose -2*f = -2*v + f + 219, 0 = -s*v + f + 528. What is the highest common divisor of v and 15?
15
Let a be 89 - (-2 + (-5 - -4)). Calculate the highest common factor of 23 and a.
23
Suppose 8*y - 61 - 147 = 0. Calculate the highest common factor of 39 and y.
13
Let i = 3 + 2. Suppose 2*k - 313 = -i*l, -k + 45 = 4*l - 113. What is the greatest common factor of k and 14?
14
Suppose 4*q + 38 = 3*l - 5*l, q = -3*l - 22. Let g = 10 + q. Suppose 4*u + 0*u - 32 = -g*t, 5*t - 15 = u. Calculate the greatest common divisor of u and 25.
5
Suppose -4 = -b + 136. Suppose -2*s = -4*i + b, 3*i = -0*i - 4*s + 94. What is the highest common factor of i and 17?
17
Let w(l) = l**2 - l - 39. Let q be w(0). Let z be (1/3)/((-1)/q). What is the greatest common divisor of 117 and z?
13
Suppose 7*z - 3*z - 20 = 0. Suppose -79 = 2*i - 3*k, 120 = -3*i - 0*k + 4*k. Let t be i/(-20) + (-1)/5. Calculate the highest common divisor of t and z.
1
Suppose -2*u - 1 = -3*z, -z + 1 = u + 4. Let l = z - -3. Let d(a) = 3*a. Let h be d(l). Calculate the greatest common factor of 6 and h.
6
Let x(b) = b - 10. Let n be x(12). What is the greatest common factor of 1 and n?
1
Suppose 0 = -0*n + 5*n - 10. Calculate the greatest common divisor of n and 1.
1
Let s = 12 + -12. Suppose s*f = -2*f + 4. What is the greatest common factor of 3 and f?
1
Let k be (-584)/(-10) - 2/5. Let n = k - -6. What is the greatest common factor of n and 8?
8
Let v be (-1 - 0) + 8 + -4. What is the highest common factor of v and 27?
3
Let d(n) = 4 + 4*n + 3*n - 2*n. Let k be d(8). Let w = -20 + k. Calculate the highest common divisor of w and 8.
8
Let o be (-1)/(-5) - (-92)/(-10). Let p(b) = -b**2 - 12*b - 3. Let v be p(o). What is the highest common divisor of 96 and v?
24
Let d(u) = -14*u + 3. Let n be d(-3). Let t be (-5)/((-2)/(1 + 1)). Calculate the highest common divisor of t and n.
5
Suppose 0 = -3*w + w + 18. Calculate the highest common factor of 81 and w.
9
Let j = -33 + 159. What is the highest common factor of 18 and j?
18
Let p = 185 - 176. Calculate the highest common divisor of 36 and p.
9
Let g(k) = -k**2 - 8*k - 4. Let o be g(-6). Calculate the highest common divisor of o and 56.
8
Let h(l) = -4*l. Let w be h(-1). What is the greatest common factor of w and 16?
4
Let s be (-84)/49 + 2/(-7) + 26. Calculate the greatest common divisor of 3 and s.
3
Let m be (-330)/(-20)*1*2. Calculate the highest common divisor of m and 231.
33
Let h(b) = -18*b - 6. Let c be h(-2). What is the highest common factor of c and 20?
10
Suppose 0*k - b = -4*k + 348, -3*k + 244 = -5*b. Suppose 0 = -r + 5*a + 1, -6*r - 2*a = -3*r - k. Calculate the highest common divisor of r and 65.
13
Suppose -5*y + 4*p + 23 = -0*p, 5*y + 5*p - 5 = 0. Calculate the greatest common factor of y and 30.
3
Let b be (-2)/(-2) - (-2 - 30). Suppose 250 = 25*t - 25. What is the greatest common divisor of b and t?
11
Let l be (-39)/(-2)*(-8)/(-12). Calculate the greatest common divisor of l and 91.
13
Let v be (16 + -13)/((-3)/(-20)). What is the highest common divisor of 20 and v?
20
Let v = -10 + 14. Let s = -58 + 62. What is the highest common factor of v and s?
4
Suppose -33 = -5*m - 0*m - 3*f, f = 4*m - 23. Let o = 5 - 3. What is the highest common factor of m and o?
2
Let q be 1*3 + 6 + -4. Suppose q*d = -54 + 329. Calculate the highest common factor of d and 5.
5
Let i(t) = -t**2 + t + 4. Let s be i(0). Suppose -5*d = -s*b + 9 + 6, 4*d = -b + 9. Calculate the highest common divisor of 55 and b.
5
Suppose 3*k - 787 + 322 = 0. Let z = -208 - -298. Let x = k - z. What is the greatest common divisor of 13 and x?
13
Suppose -21 = 3*s - 6*s. Let f = s + -4. Suppose 0 = -3*u - f*h + 7 + 2, 5*u - 35 = -h. What is the greatest common divisor of 24 and u?
8
Let n(x) = -11 + 4 + 5 + 13*x. Let f be n(2). Calculate the highest common factor of 12 and f.
12
Let i(s) = 2*s**2 - 14*s + 6. Let c be i(7). What is the greatest common divisor of 6 and c?
6
Let q = 3 + -3. Let f = 105 - q. Suppose -f = g - 4*g. What is the greatest common factor of 5 and g?
5
Let v = -31 + 46. Suppose -11 = -y - 1. Calculate the highest common divisor of v and y.
5
Let v = -3 - -5. Suppose 16 = 4*c - v*c. Let d be c/(-6)*42/(-4). Calculate the greatest common factor of 126 and d.
14
Suppose -2*p + 10 = 3*p. Let i be ((-15)/(-10))/(1/p). Calculate the greatest common factor of i and 3.
3
Suppose 0*h = -h + 63. What is the greatest common factor of 252 and h?
63
Let j(a) = a**3 - 5*a**2 - 6*a - 1. Let u be j(6). Let h be 0/((-1)/u) + 24. Let i be 2/(-4) + (-147)/(-42). What is the greatest common divisor of h and i?
3
Suppose 4*r + 14 = -3*p + 6*p, -12 = -3*p + 3*r. Let s be 9/p*44/3. Calculate the greatest common divisor of 6 and s.
6
Let g be (-15)/6*(3 + -37). Suppose 3*w + 68 = 5*w. Calculate the highest common factor of g and w.
17
Let p(u) = 35*u**2 + u. Let v be p(1). Suppose 5*c - 3*c = v. Suppose 2*w - 5*j + 3 + 1 = 0, 16 = 2*w + 5*j. What is the greatest common divisor of w and c?
3
Suppose 5*n - 9*n = -80. Calculate the highest common divisor of 8 and n.
4
Let d(m) = -m**3 - 6*m**2 + m - 7. Let x be d(-6). Suppose -7*l = -4*l + 93. Let w = x - l. What is the greatest common divisor of 9 and w?
9
Let d = 61 + -35. What is the highest common factor of d and 104?
26
Let k = 773 - 442. Let l = 1 - -2. Suppose 6*z = l*z - f + k, -5*f + 555 = 5*z. Calculate the highest common divisor of z and 10.
10
Let a(d) be the second derivative of -d**3/2 - d**2/2 - 9*d. Let r be a(-7). Let t = -12 - -32. Calculate the greatest common divisor of r and t.
20
Let c(o) = -2*o**3 + 10*o**2 - 3*o + 2. Let l be c(4). Let s be (11/(-2))/((-1)/16). Calculate the greatest common divisor of l and s.
22
Let d = -56 + 66. What is the greatest common factor of d and 10?
10
Let p(l) = 3*l + 7. Let i be p(-3). Let c be (-1 - i)*(-30)/(-6). Let a be 3*(50/(-3))/(-2). Calculate the greatest common factor of c and a.
5
Suppose -2*q = -3*q - 3, 5*n - q = 28. Suppose d - s = 5*d + 1, -5*s = n*d + 20. What is the highest common factor of d and 11?
1
Let n(k) = k**2 + 3*k + 2. Let o be n(-3). Let z be (o/2)/((-2)/(-22)). Calculate the highest common factor of z and 55.
11
Suppose -3*p + 8 = -v, 11 = -3*p - 4*v + 39. Suppose -p*a = 129 - 393. What 